1
What is 350325 (base 6) in base 5?
1424213
1893916 (base 12) to base 4
103232021202
Convert -2444403112 (base 5) to base 9.
-12015736
-1001110011101101001110 (base 2) to base 11
-14a6771
Convert -3ab3c (base 15) to base 6.
-4011033
What is -2031432 (base 5) in base 4?
-20021113
What is 4162611 (base 7) in base 9?
845633
Convert 1022100111122 (base 3) to base 5.
134231314
-14500001 (base 6) to base 4
-1323121201
-566064 (base 7) to base 6
-2053253
Convert d80c4 (base 14) to base 8.
1772474
What is -1a6258 (base 13) in base 14?
-1364c8
Convert -187b809 (base 12) to base 2.
-10011100111010111001001
What is 1187827 (base 11) in base 8?
7667426
What is -2231102120 (base 4) in base 13?
-1bb0ba
30010011 (base 6) to base 7
10102135
Convert -1bb70d (base 16) to base 13.
-4b796c
Convert 356a54 (base 16) to base 5.
1344010003
Convert 1bd0e (base 16) to base 13.
3cb22
Convert 12103031131 (base 4) to base 7.
20016004
Convert -11100110022 (base 3) to base 16.
-14e79
Convert -1085756 (base 9) to base 14.
-1144da
Convert -404661 (base 7) to base 12.
-33a89
What is -20165462 (base 7) in base 9?
-3140778
-110111200012002 (base 3) to base 8
-31265236
What is b190a6 (base 12) in base 7?
32401125
What is -14174 (base 16) in base 12?
-3b758
Convert -20152765 (base 8) to base 14.
-7c86d7
What is 7500058 (base 9) in base 5?
2011443020
Convert -223010112 (base 4) to base 15.
-37406
d0376b (base 16) to base 10
13645675
What is -35288 (base 15) in base 7?
-1303445
Convert 30276 (base 8) to base 3.
122010011
What is 10011111001010000011 (base 2) in base 7?
5353414
Convert dad331 (base 14) to base 6.
422511343
1141355 (base 10) to base 13
30c677
Convert -320420020 (base 5) to base 16.
-1479bd
What is -12245310 (base 6) in base 9?
-662066
-432340 (base 5) to base 11
-10072
What is -503023320 (base 6) in base 3?
-121001221121110
What is -4351ad (base 14) in base 15?
-300b0d
159397 (base 10) to base 4
212322211
-125a38 (base 11) to base 6
-4125435
77dddd (base 16) to base 2
11101111101110111011101
Convert 30330344 (base 5) to base 2.
111011111111011100
Convert 257a8 (base 16) to base 7.
1206362
What is -2054420 (base 6) in base 8?
-304714
What is -29371 (base 15) in base 6?
-2500554
Convert 111010011110111000 (base 2) to base 7.
2015244
Convert 1212001112 (base 3) to base 14.
d427
Convert 2325152 (base 6) to base 5.
12323010
-43331c (base 14) to base 6
-120434114
-5221635 (base 9) to base 14
-528904
What is 6542439 (base 11) in base 13?
24c69b5
What is -aa196 (base 11) in base 7?
-1234213
What is 12022210 (base 4) in base 2?
110001010100100
What is 10010110110101100 (base 2) in base 8?
226654
What is 120200011220 (base 3) in base 15?
61619
Convert 74622 (base 14) to base 16.
44a06
4e1c36 (base 15) to base 11
2133241
What is -64aa7 (base 15) in base 2?
-1001110000010101001
What is -12242312 (base 5) in base 3?
-20000111022
What is 20434012 (base 5) in base 12?
83050
Convert -1710826 (base 9) to base 7.
-11043363
What is 46a5460 (base 11) in base 7?
126515452
-2331032013 (base 4) to base 14
-162647
What is 24241044 (base 5) in base 10?
227649
What is 560ccd (base 14) in base 6?
142344245
What is -312210302 (base 4) in base 6?
-4442522
1930b1 (base 14) to base 12
370217
What is -210001112112002 (base 3) in base 12?
-38b8002
Convert -150444414 (base 6) to base 12.
-106370a
-10110111110100011 (base 2) to base 4
-112332203
Convert -2342005 (base 7) to base 6.
-10202234
107314 (base 14) to base 12
22a85a
Convert 3441332013 (base 5) to base 7.
122654206
Convert -577 (base 13) to base 9.
-1257
Convert -3433140223 (base 5) to base 15.
-a2415d
-2a581 (base 12) to base 3
-10000201021
Convert -1132132321 (base 4) to base 6.
-12143401
What is 1011101021020201 (base 3) in base 2?
111111100111011110110001
What is -2ac27a (base 13) in base 10?
-1054999
What is 373a7b (base 13) in base 15?
1b1b5e
522253 (base 11) to base 4
3030131323
-776683 (base 9) to base 3
-212120202210
Convert -135625610 (base 7) to base 16.
-884807
What is -5110243 (base 11) in base 10?
-9033786
-101002102101 (base 4) to base 7
-52646565
What is -13c53 (base 13) in base 9?
-56076
What is 111110000101111110001 (base 2) in base 16?
1f0bf1
Convert -629384 (base 10) to base 5.
-130120014
Convert -23254466 (base 8) to base 5.
-2244202420
134366 (base 8) to base 10
47350
-102001110112221 (base 3) to base 6
-325525341
Convert -261546 (base 8) to base 5.
-10402412
What is -21110210021 (base 3) in base 4?
-203322133
a6adc (base 14) to base 8
1422532
What is 3341322410 (base 5) in base 8?
34073163
What is 235216 (base 9) in base 11?
97430
-110210002021201 (base 3) to base 14
-c8b485
Convert 1483d (base 16) to base 3.
11021021012
Convert -71511 (base 12) to base 8.
-440235
What is -4b064 (base 13) in base 10?
-138493
What is -10212002000 (base 3) in base 13?
-286c2
What is -1b91aa (base 14) in base 10?
-985442
Convert 1555a (base 13) to base 16.
9e12
31320250 (base 6) to base 16
dec66
-18f1d (base 16) to base 10
-102173
6bc59a (base 16) to base 5
3302003223
What is -8dfb2 (base 16) in base 5?
-122102204
-432210411 (base 5) to base 12
-745b96
Convert -1203102322 (base 4) to base 7.
-3312520
What is -56dc7c (base 14) in base 4?
-23102012312
Convert -10101100101111001001 (base 2) to base 7.
-6004524
63e17 (base 16) to base 13
1142a1
370340 (base 8) to base 2
11111000011100000
-5445014 (base 6) to base 13
-9626b
Convert -37cc65 (base 15) to base 9.
-5027445
Convert 333333221 (base 4) to base 10.
262121
What is -695953 (base 10) in base 14?
-1418ad
Convert -1111101111000111101010 (base 2) to base 13.
-b15832
What is -9104 (base 16) in base 8?
-110404
What is -24ac240 (base 13) in base 14?
-1741238
What is -111121012110 (base 3) in base 2?
-1000001010110101010
54838 (base 15) to base 4
1001202332
Convert 4626995 (base 10) to base 11.
268036a
Convert -10000222012020 (base 3) to base 5.
-403112133
-21205a (base 14) to base 13
-302807
Convert -182400 (base 13) to base 11.
-383485
What is -cb923 (base 14) in base 12?
-1b934b
12110101000122 (base 3) to base 6
142101112
-10101111110011011011 (base 2) to base 3
-1100120210001
1035875 (base 10) to base 14
1cd711
110011110000001010101010 (base 2) to base 9
27466827
Convert 6b9095 (base 12) to base 5.
421034003
Convert -1243200 (base 11) to base 12.
-87bb52
What is -522670 (base 9) in base 5?
-34412444
-471ab (base 13) to base 14
-354cd
-12245523 (base 6) to base 15
-7c1a9
-12a2a34 (base 11) to base 5
-1033301412
-90d758 (base 14) to base 7
-56313141
What is -d3d56a (base 14) in base 7?
-114502063
51278 (base 11) to base 8
222157
Convert 169e66 (base 16) to base 3.
2210022101120
Convert -13202132311 (base 4) to base 9.
-3641807
1ed17 (base 16) to base 4
132310113
Convert 2748e (base 15) to base 14.
33c57
-42826 (base 10) to base 9
-64664
-432504 (base 6) to base 3
-1210211211
264128 (base 9) to base 11
aa638
-227b0 (base 15) to base 12
-53610
What is -227a410 (base 11) in base 9?
-7437546
Convert 243130 (base 6) to base 12.
104a6
Convert -32353423 (base 7) to base 5.
-1202111340
12140274 (base 9) to base 12
1ba0611
What is 15335883 (base 9) in base 15?
a0e19c
What is 4412323 (base 5) in base 13?
28764
What is 2211112012201 (base 3) in base 9?
2745181
37342 (base 11) to base 3
2201121000
What is -130551051 (base 6) in base 8?
-11621647
What is -2434514 (base 6) in base 9?
-216401
-2004435 (base 6) to base 5
-11004333
What is 90db73 (base 15) in base 13?
156bbcb
What is -945776 (base 12) in base 14?
-449cb8
Convert -3c561 (base 13) to base 11.
-77971
What is 31101023 (base 4) in base 7?
314306
Convert -7bdb6 (base 14) to base 8.
-1115354
-4bb6a1a (base 12) to base 4
-320322310312
What is -40302241 (base 5) in base 8?
-1165224
What is 12442 (base 11) in base 6?
214321
What is 255644 (base 7) in base 10?
47660
Convert -395058a (base 11) to base 5.
-3222304200
35543001 (base 7) to base 2
1100000001111010000111
1010110000220 (base 3) to base 15
bc85c
What is 9798788 (base 10) in base 6?
550004432
What is -2a9a21 (base 14) in base 8?
-5527235
-10101010100000100000100 (base 2) to base 12
-1a55404
-717685 (base 10) to base 7
-6046243
What is -23231030 (base 5) in base 6?
-4310354
118300 (base 12) to base 6
10030000
What is 472321 (base 10) in base 14?
c41b3
Convert 22210022222112 (base 3) to base 1